212845 composite?
True
Is 48293489 a prime number?
True
Is 6225701 a prime number?
True
Is 186280559 composite?
True
Is 1679219 prime?
False
Is 15382589 composite?
False
Is 2797637 a composite number?
False
Is 121616197 a composite number?
True
Is 2387897 prime?
True
Is 5799929 a prime number?
True
Is 3729373 prime?
True
Is 4191179 a prime number?
True
Is 4985663 prime?
False
Is 51042883 prime?
False
Is 421798435 prime?
False
Is 11568173 composite?
False
Is 5008481 a composite number?
False
Is 5797903 composite?
False
Is 227178899 a prime number?
True
Is 2977861 a composite number?
False
Is 20851823 a prime number?
False
Is 14153806 a composite number?
True
Is 145991 a prime number?
True
Is 2847727 composite?
False
Is 13170907 composite?
False
Is 299970547 prime?
True
Is 2256505 composite?
True
Is 227200403 a composite number?
False
Is 2188981 a prime number?
True
Is 1199587 a prime number?
True
Is 2523833 composite?
True
Is 165144311 a prime number?
True
Is 53425117 composite?
True
Is 4546041 a prime number?
False
Is 30728497 prime?
True
Is 198845789 a prime number?
True
Is 9347209 prime?
False
Is 300707089 composite?
False
Is 4319535017 composite?
True
Is 195167983 composite?
False
Is 938079071 a prime number?
False
Is 378872509 prime?
False
Is 15527711 a prime number?
True
Is 6849799 a composite number?
True
Is 404671 composite?
False
Is 7195897 a composite number?
False
Is 189521467 a prime number?
False
Is 24713327 prime?
True
Is 152919643 a prime number?
False
Is 15429605 a prime number?
False
Is 6978631 composite?
True
Is 13253729 composite?
False
Is 7181527 a prime number?
True
Is 2825087 a prime number?
False
Is 1024027 a composite number?
True
Is 3149747 composite?
False
Is 70641929 a prime number?
True
Is 250037267 prime?
True
Is 11566859 composite?
False
Is 2201973 a prime number?
False
Is 2513713 a composite number?
True
Is 1344709 a composite number?
False
Is 24704857 a prime number?
True
Is 7907957 prime?
False
Is 2171003 a prime number?
True
Is 34330607 prime?
False
Is 417071 a prime number?
False
Is 24775238 a prime number?
False
Is 2898421 composite?
False
Is 1982219 prime?
True
Is 11417161 prime?
False
Is 12139019 a composite number?
True
Is 1811923 a prime number?
True
Is 1293343 a prime number?
False
Is 2079271 composite?
True
Is 139308241 a composite number?
False
Is 1988777 a composite number?
True
Is 16676849 prime?
False
Is 12566369 prime?
True
Is 35153621 prime?
True
Is 59315513 a prime number?
False
Is 2665786 a prime number?
False
Is 591484871 a composite number?
True
Is 546362251 composite?
False
Is 19804849 prime?
True
Is 20887837 a composite number?
True
Is 3248387 a composite number?
False
Is 1217549 a prime number?
False
Is 8054679 composite?
True
Is 281495 prime?
False
Is 55066951 prime?
False
Is 35468821 prime?
False
Is 17908643 a prime number?
True
Is 4483459 a composite number?
True
Is 106495153 prime?
True
Is 6286097 a prime number?
True
Is 1933849 a prime number?
True
Is 14285309 a composite number?
False
Is 17478479 a prime number?
True
Is 5740159 composite?
False
Is 3385901 a composite number?
True
Is 36540617 composite?
True
Is 95864107 composite?
False
Is 1503353 composite?
False
Is 17103731 a prime number?
False
Is 2872679 a composite number?
True
Is 2186189 prime?
True
Is 983209 a composite number?
False
Is 13864817 prime?
False
Is 112355923 prime?
True
Is 25371651 prime?
False
Is 62064293 a composite number?
False
Is 588827 prime?
True
Is 6325691 a composite number?
False
Is 7159303 a prime number?
True
Is 25477849 prime?
False
Is 17490287 composite?
False
Is 3116381 a composite number?
False
Is 39769913 prime?
False
Is 20282447 a prime number?
True
Is 3298021 prime?
False
Is 453755087 prime?
False
Is 53162359 a prime number?
True
Is 39508474 prime?
False
Is 1633907 a composite number?
True
Is 69551639 composite?
True
Is 576726691 a composite number?
False
Is 6902537 a composite number?
False
Is 32517571 composite?
False
Is 10115509 composite?
False
Is 294090299 a composite number?
True
Is 419447 prime?
False
Is 175280749 a prime number?
False
Is 198710261 a prime number?
True
Is 1174009 a composite number?
True
Is 47667973 composite?
True
Is 31720855 prime?
False
Is 6930929 prime?
True
Is 851449 prime?
True
Is 1425583 a composite number?
False
Is 621431 composite?
False
Is 188113 a composite number?
True
Is 18679693 a prime number?
True
Is 3582967 a composite number?
False
Is 34851239 a composite number?
False
Is 510742 composite?
True
Is 1160057 a composite number?
False
Is 4784873 prime?
False
Is 761009 a prime number?
True
Is 52036769 prime?
True
Is 25798153 a composite number?
False
Is 278543 composite?
False
Is 166116655 composite?
True
Is 4787038 prime?
False
Is 604805354 a composite number?
True
Is 152485369 a composite number?
True
Is 2430427 prime?
True
Is 273456641 composite?
False
Is 21284093 a composite number?
False
Is 5870573 a composite number?
False
Is 8493103 a prime number?
True
Is 406481 prime?
True
Is 5935379 a composite number?
True
Is 86311739 prime?
False
Is 4888339 prime?
False
Is 1030201 a prime number?
True
Is 1108781251 composite?
False
Is 7206677 prime?
True
Is 771193 a composite number?
True
Is 17795627 a prime number?
True
Is 2147243 a prime number?
False
Is 30631481 a prime number?
True
Is 52859839 prime?
True
Is 254022661 prime?
False
Is 123745319 a prime number?
True
Is 161628721 a composite number?
False
Is 5075263 a composite number?
False
Is 41997929 prime?
True
Is 7698631 a composite number?
False
Is 2355649 composite?
True
Is 217517 composite?
False
Is 112568613 composite?
True
Is 29031851 a prime number?
True
Is 9678953 a composite number?
True
Is 5756071 prime?
False
Is 201289981 a composite number?
True
Is 1585603 prime?
True
Is 132210679 prime?
False
Is 9320219 prime?
False
Is 8126707 prime?
True
Is 1683887 a composite number?
False
Is 20614547 a composite number?
False
Is 4012927 a prime number?
True
Is 48460861 a prime number?
False
Is 44067377 prime?
True
Is 133961689 prime?
True
Is 11201831 a composite number?
False
Is 5858197 composite?
False
Is 48254047 prime?
False
Is 660635471 prime?
True
Is 28797523 composite?
False
Is 78579851 composite?
True
Is 1596937 composite?
True
Is 408943 prime?
True
Is 12742727 a prime number?
True
Is 11636063 a prime number?
True
Is 16681073 prime?
True
Is 220279 a composite number?
False
Is 2446177 a composite number?
False
Is 231335021 composite?
False
Is 200323 a prime number?
True
Is 23611949 prime?
False
Is 99610717 a composite number?
True
Is 127975487 composite?
True
Is 6822371 composite?
False
Is 98041081 a prime number?
True
Is 1959073 a prime number?
True
Is 311707042 a prime number?
False
Is 5164183 a prime number?
False
Is 39872117 prime?
True
Is 113048323 a composite number?
False
Is 1729429 a composite number?
True
Is 8395313 a composite number?
False
Is 1798523 a composite number?
False
Is 156160951 composite?
False
Is 2261531 composite?
False
Is 3462089 composite?
False
Is 1694831 a prime number?
True
Is 306468509 composite?
False
Is 9276097 a prime number?
True
Is 13623877 prime?
True
Is 11723977 a prime number?
True
Is 83706607 composite?
False
Is 19254167 composite?
False
Is 79217143 prime?
False
Is 6323129 composite?
True
Is 105137633 a composite number?
True
Is 149860037 prime?
False
Is 312896833 composite?
True
Is 2452405 prime?
False
Is 762779 composite?
False
Is 4338847 a prime number?
True
Is 47704123 prime?
True
Is 54084749 composite?
False
Is 30139957 prime?
True
Is 8051943 a prime number?
False
Is 1185797 prime?
True
Is 3649873 composite?
True
Is 5362019 a prime number?
False
Is 75700189 a prime number?
False
Is 3733531 a composite number?
False
Is 2384423 a composite number?
True
Is 94400149 a prime number?
True
Is 25571465 prime?
False
Is 17729221 a composite number?
True
Is 38629693 a composite number?
True
Is 2168519 composite?
False
Is 2404403 a composite number?
True
Is 3765089 composite?
False
Is 5619317 a composite number?
True
Is 36174077 prime?
True
Is 37288499 a composite number?
True
Is 5273033 a composite number?
True
Is 632701 a composite number?
True
Is 2213561 composite?
True
Is 125446994 a composite number?
True
Is 1632109 composite?
False
Is 807630181 prime?
False
Is 299